*(-1 + q - -34). What is the highest common factor of 110 and p?
10
Suppose -4*y + y + 15 = 0. Suppose -134 = -y*v + 476. Suppose 6*j - v - 238 = 0. What is the greatest common divisor of j and 90?
30
Suppose -308*w + 329*w = 1512. Calculate the highest common divisor of w and 128.
8
Suppose 0 = -4*q - 501 - 423. Let v = 533 + -99. Let t = v + q. Calculate the greatest common factor of 29 and t.
29
Let f(k) = 7*k**2 + 258*k + 769. Let d be f(-3). What is the greatest common factor of d and 8903?
29
Suppose -2*h - 2*h + 540 = 0. Suppose -5*k = -5*a + 165, -24 = -k + 5*k. What is the greatest common factor of h and a?
27
Let q(c) = -145*c - 1. Let o be q(-1). Let d(t) = -2*t**2 + 117*t - 1626. Let p be d(24). What is the greatest common divisor of p and o?
6
Let d = 2121 - 1503. Let f = 622 - d. Suppose 0 = -3*b - 0*b + 3*y + 84, 4*b - 5*y - 108 = 0. What is the highest common divisor of b and f?
4
Suppose 13338 + 1622 = 34*j. What is the greatest common divisor of j and 11?
11
Let q = -16 + 33. Suppose -16*r = -q*r + 4. Suppose -3*f - 88 = -5*d, 4*d - d = -3*f + 72. Calculate the greatest common divisor of r and d.
4
Let y = 411 - 410. Let h(f) = f**2 + f + 18. Let r be h(0). Let q be ((-6)/(-4))/(3/r). What is the greatest common divisor of q and y?
1
Suppose 68 = 6*y - 340. Suppose 5*q = -5*n + 215, y = 3*q + n - 51. Suppose -u + 2 = 2*u + 5*a, -2*u + 4*a = -q. What is the highest common factor of 3 and u?
3
Suppose -36*n + 31*n = -155. Let l be (9 - (-2 + 104))/(3/(-2)). Calculate the greatest common divisor of l and n.
31
Let y(l) = -1838*l - 5370. Let r be y(-3). Calculate the greatest common divisor of r and 1278.
18
Let u = 447 - 447. Suppose p - 2 - 13 = u. What is the greatest common factor of p and 30?
15
Let n(o) be the first derivative of o**3/3 - 4*o**2 - 31*o - 68. Let x be n(12). Calculate the highest common factor of 17 and x.
17
Let z(d) = 56*d**2 - 170*d + 26. Let p be z(13). What is the highest common factor of p and 160?
80
Let n(c) = -12*c + 28. Let f(k) = 12*k - 27. Let x(g) = -3*f(g) - 2*n(g). Let t be x(-4). Let y = 228 - t. Calculate the greatest common divisor of y and 62.
31
Let n = 84814 - 84754. Let a(x) = x**2 + 150. Let z be a(0). What is the greatest common divisor of z and n?
30
Let b(a) = 7 - 3*a**2 - 15*a + 2*a + 3*a**2 + 8*a**2. Let r be b(3). Let d be (12/(-10))/((-6)/r). Calculate the greatest common factor of 8 and d.
8
Suppose 73*n + 875 = 3722. What is the highest common factor of n and 2379?
39
Suppose -2*v + v + 147 = 3*b, v - 243 = -5*b. Suppose s = 3*s - b. Let a be (s/10)/((-288)/(-140) - 2). Calculate the highest common divisor of a and 28.
14
Let s be (-36670)/(-60) - 6/36. Let b = -547 + s. What is the highest common factor of 48 and b?
16
Suppose -l = 5*u + 35, 2*u = 11*l - 16*l - 221. Let n be (-2430)/l + (5 - 3/3). Calculate the highest common factor of n and 4.
2
Let r be (33/22)/(3/1600). Suppose -4*b + 126 = 2*o, -3*o = b + 7 - 36. Calculate the greatest common factor of r and b.
32
Suppose 2*v + 3*x = 21565, -54*v = -50*v + x - 43135. Suppose -18*f - 4358 = -v. What is the greatest common factor of f and 21?
21
Let n = 13886 + -12482. Calculate the highest common factor of 24 and n.
12
Let g be ((-33)/(-22))/((-2)/16*-4). Let m be g*155*(-6)/(-18). What is the highest common factor of 10 and m?
5
Suppose 7*y + 1044 = 13*y. Let p = y - -214. Suppose -144 = -w - w + 4*d, 5*w = 3*d + p. Calculate the highest common factor of w and 20.
20
Let b(g) = -24*g**2 - 460*g - 19. Let h be b(-19). What is the highest common divisor of h and 240?
3
Suppose 2 = 5*h + v - 39, -5*v = 5*h - 45. Let d be 66/h*240/9 - -1. What is the highest common factor of d and 17?
17
Let k be (9/6)/(3/6) + 137. What is the greatest common divisor of 44 and k?
4
Suppose 440 = 2*w - 3*u - 647, 2*u = -5*w + 2670. What is the greatest common divisor of 38 and w?
2
Let k(m) = -m**3 + 19*m**2 - 14*m + 148. Let z be k(12). What is the greatest common divisor of z and 76?
76
Let j be ((-6)/(-5)*2)/(9/(-225)). Let s = -60 - j. Suppose -5*a - a + 300 = s. What is the highest common factor of 20 and a?
10
Suppose 6 + 153 = 3*u + 4*b, -2*u + 110 = 4*b. Let v = 97839 + -97790. Calculate the highest common divisor of u and v.
49
Suppose 34*a + 96 = 36*a. Suppose 6*h = h - 2*b + a, 3*b - 4 = h. What is the highest common divisor of h and 14?
2
Suppose -t - a + 121 = 82, 3*t = -a + 113. What is the greatest common divisor of t and 1?
1
Suppose g - 3*b - 76 - 277 = 0, 3*g - 1045 = 2*b. What is the greatest common factor of g and 4?
1
Suppose i - 247 = -2*o, -o + 4*i + 32 = -78. Calculate the highest common divisor of o and 6893.
61
Let x(t) be the first derivative of -t**4/2 - 4*t**3/3 - 3*t**2 - 7*t - 57. Let r be x(-2). Calculate the highest common factor of r and 35.
5
Let p = -9596 + 17167. What is the highest common factor of 67 and p?
67
Let i = -122 - -126. Suppose -4*l + 284 = -0*s + s, i*s - 1041 = 3*l. Suppose 0 = 2*t - 3*t + 24. What is the greatest common divisor of t and s?
24
Let o = -1955 + 1987. What is the greatest common divisor of o and 5584?
16
Suppose 58869 = -4*i + 215*i. What is the greatest common factor of i and 868?
31
Let y be (-448)/(-672) - 10318/(-3). Calculate the highest common divisor of 43 and y.
43
Suppose -132 = -2*z - 5*x, 3*x - 124 = -7*z + 5*z. Calculate the highest common factor of z and 4648.
56
Suppose 5*l - 37*l = 2752. Let t = l + 158. Calculate the greatest common factor of 27 and t.
9
Let w be (5 - 176300/(-135)) + (-16)/(-216). Calculate the highest common factor of 552 and w.
69
Let s be (1 + -12)/(4862/136 - 36). What is the greatest common divisor of s and 6908?
44
Let c be (-15)/((-10)/(30/(-6)))*(-664)/5. Calculate the greatest common divisor of 48 and c.
12
Let f(k) = -38*k - 9*k - 16*k + 16 - 5*k. Let n = -1 + -2. Let i be f(n). Calculate the highest common factor of 20 and i.
20
Let q be (-1)/2 - 122/(-4). Let b be ((-136)/102)/(2/(-9)). Suppose 3*k - b = 48. Calculate the greatest common divisor of q and k.
6
Let v be (1*2)/(25 + -26) + 48. Suppose 23*z + 0 - v = 0. What is the highest common factor of z and 2?
2
Suppose 0 = 12*c + 560 + 2140. Let t be c/30*6*(-12)/10. Suppose -3*v = -7*v - 3*q + t, -3*v - q + 43 = 0. What is the highest common divisor of 135 and v?
15
Let p = 1967 + -1715. What is the greatest common divisor of p and 819?
63
Let l(s) = 2*s**2 - s + 77. Let j be 0 - -77 - 16/(-4). Let n = 81 - j. Let k be l(n). Calculate the highest common factor of 7 and k.
7
Let t(l) = 1903*l**2 - 152*l - 151. Let g be t(-1). Calculate the greatest common factor of g and 3094.
238
Let s = -4260 + 5000. What is the highest common factor of 36 and s?
4
Suppose 37*l + 420 = 30*l + 37*l. Calculate the highest common divisor of 763 and l.
7
Let w be (-69)/(-92)*(-2320)/(-12). What is the greatest common factor of 7105 and w?
145
Let w = 128 + -82. Suppose -64 = -3*d - n, n = -2*d + 2*n + w. Suppose -4*z + 44 = -0*z. What is the highest common factor of d and z?
11
Let l be 456/32*176/6. What is the highest common divisor of l and 1078?
22
Suppose 14*a = 10*a + 1364. Let m(r) = -r - 2. Let d be m(-5). Suppose -2*z + d*s = -77, -3*z - 6*s + 4*s = -83. What is the greatest common factor of z and a?
31
Suppose 3*j = 3*q + 318, 53*j + 3*q + 425 = 57*j. Calculate the highest common factor of j and 16157.
107
Let k = -12384 - -12552. What is the greatest common factor of 144 and k?
24
Let x be -4 - -4*(9/(-6) - -3). Suppose -x = -10*v + 28. Let l = v - -2. Calculate the greatest common divisor of l and 25.
5
Let z(o) = -5*o**3 - 32*o**2 - 49*o - 8. Let b be z(-5). What is the highest common divisor of b and 17236?
62
Let s(y) be the second derivative of -5*y**5/4 - y**4/12 - y**3/6 - y**2/2 - 4*y + 30. Let j be s(-1). Calculate the highest common factor of 96 and j.
24
Let t = -5840 - -5862. What is the highest common factor of 2277 and t?
11
Suppose -y = -5*y - x + 27, -y + 2*x = -9. Suppose y*o - 78 = 4*o. Calculate the highest common factor of o and 338.
26
Suppose 63 = -12*d + 5*d. Let t be -58*((-108)/(-8))/d + 1. Let y be (t/(-12) + 4)*207/(-6). What is the greatest common divisor of y and 23?
23
Let j(l) = l**2 + 7*l - 140. Let r be j(9). Suppose -6*k + k + r*o + 66 = 0, -2*o + 2 =